r of 98 and c?
14
Let t(i) = -2*i**3 - 29*i**2 + 38*i. Let c be t(-16). Calculate the highest common factor of 20 and c.
20
Let q be 1 - (4/(-16) - 86/8). Suppose 0*u = -2*w - u + 55, -5*u = -w + 55. What is the highest common factor of w and q?
6
Let h be 24/(-5)*(-11 - 9). Calculate the highest common factor of 168 and h.
24
Suppose 4*a + 5*s = 62, 4*a + 2*s - 6*s = 44. Suppose -a*z + 34 = -18. Calculate the highest common factor of z and 8.
4
Let f = -109 - -184. Calculate the highest common factor of 15 and f.
15
Let w(j) = 8*j - 11. Let h be w(-2). Let p = 11 - h. What is the highest common factor of p and 342?
38
Suppose -f - 4 = f + 4*r, 6 = -3*r. Let u be 18/(f*(-2)/(-8)). Calculate the highest common divisor of u and 288.
36
Suppose -36 = -3*m + 3*f, 4*m - 8 - 15 = -f. Let p be (-3)/(m + -4)*-1. Let i be (-2 + 13 - -2) + p. What is the highest common factor of 42 and i?
14
Let t(w) = 3*w - 25. Let h be t(10). Let p = h + 40. What is the highest common factor of p and 5?
5
Let n = 523 + -511. Suppose 2*c = -0*c + 120. What is the greatest common factor of n and c?
12
Suppose k + 19 - 15 = 0, 2*m - 3*k = 38. Calculate the highest common divisor of 1 and m.
1
Suppose -208*a = -184*a - 28080. Calculate the greatest common factor of a and 39.
39
Let u(c) = c**3 + 5*c**2 - 6*c + 5. Suppose -5*f - 28 - 2 = 0. Let y be u(f). Let s be 638/16 + (-11)/(-88). What is the greatest common factor of y and s?
5
Let i be (-4)/((-100)/15) + 10554/10. What is the highest common factor of i and 96?
96
Suppose -4*l = -5*l + 8. Let a be ((-136)/l)/(2/(-42)). Suppose -y + 5*y - 363 = q, -4*y - q + a = 0. What is the greatest common factor of 18 and y?
18
Let f be (-1)/5 + (-444)/(-20). Suppose -o = -6*o + 3*y - 9, -5*o + y = 3. Suppose 2*i + i - 198 = o. What is the highest common divisor of f and i?
22
Suppose -4*r = 5*c - 63, -4*c + 45 = 4*r - 5*c. Suppose 14*b = r*b + 82. Calculate the highest common divisor of b and 205.
41
Suppose d = -c + 19, -2*d + 47 = -2*c - 11. Let t be (36/7)/(1/7). Let z = t - 28. Calculate the greatest common factor of d and z.
8
Let p(v) = 5*v**3 + 7*v**2 - 8*v - 9. Let m be p(2). Calculate the highest common factor of m and 2021.
43
Let x(t) = -t**3 - 7*t**2 - t + 10. Let s be x(-7). Let w(y) = -y**3 - y**2 + 4*y - 20. Let a be w(-6). Calculate the greatest common factor of a and s.
17
Let d be (-3 - (-4 - (-5 - -5)))*7. What is the highest common factor of 623 and d?
7
Let l = -106 + 113. Let n be 1 - 2 - 2/(-1). What is the highest common divisor of l and n?
1
Let i(l) = 66*l + 1730. Let o be i(-26). Suppose 5*q = -6 + 76. What is the greatest common divisor of q and o?
14
Let q = 8 + -4. Suppose -q*u + 2*j + 41 = 11, 0 = 3*u - 4*j - 20. What is the greatest common divisor of 64 and u?
8
Let f(k) = 9*k - 120. Let h be f(15). What is the greatest common divisor of 360 and h?
15
Let x(k) = 7*k**2. Let q be x(1). Let j = -10 - -16. Suppose 0 = -5*g + 4*y + 165 - 52, j = -3*y. Calculate the highest common factor of q and g.
7
Suppose 48*g - 84 = 20*g. Suppose -4*b - 30 = -5*h - 0*b, -6 = -h + 4*b. What is the greatest common factor of h and g?
3
Let b = -191 - -132. Let k = b + 77. Calculate the greatest common divisor of 36 and k.
18
Let q(h) = -9*h + 108. Let t be q(8). What is the greatest common factor of t and 9?
9
Let b(f) = 63*f - 2. Suppose 4*a - 4 = -0. Let d be (-3)/2*(-1 - a). Let g be b(d). Calculate the greatest common divisor of 17 and g.
17
Suppose 2*c - 11 = c. What is the highest common factor of c and 88?
11
Let m = 43 + 85. Let f be (9/(-6))/((-6)/m). Suppose 5*q + 3*q - 640 = 0. What is the highest common divisor of f and q?
16
Let v(w) = w**3 + 8*w**2 - 8*w + 1. Let c be v(-9). Let d = c - -2. Let s be (d/9)/((-1)/105). Calculate the highest common divisor of 14 and s.
14
Let o be (110/(-8))/(2/(-8)). Let d be -1 - (1 + -2) - 1. Let g be (-15)/9*3/d. Calculate the greatest common factor of g and o.
5
Suppose -3*d = -4*w + 2, 0*w = -3*w + 4*d - 2. Suppose w*a - 10 = 14. Let l = 6247 + -6115. What is the highest common divisor of a and l?
12
Let o(b) = -b + 8. Let t be o(5). Calculate the highest common divisor of 141 and t.
3
Let a be 2 + (-1)/((-2)/840). Suppose a = -g + 2*g. Let l = -294 + g. Calculate the greatest common factor of 16 and l.
16
Let w(s) = 4*s**2 - 19*s - 15. Let h be w(8). Calculate the greatest common factor of 445 and h.
89
Suppose 4*x + 0*x = 40. Suppose 63*v = -35*v + 10780. Calculate the highest common divisor of x and v.
10
Let b(f) = -5*f + 4*f**3 + 6*f - 6 + 5*f. Let k be b(4). Let n be k/5 + 3/15. What is the highest common factor of 11 and n?
11
Suppose 9*o + 2*l + 18 = 106, 31 = 3*o - l. What is the highest common factor of o and 850?
10
Let l = 12 - 17. Let f = -3 - l. Let k be 1/(-1 - 12/(-8)). What is the highest common divisor of k and f?
2
Suppose -12 = 2*n - 36. Calculate the highest common divisor of 9 and n.
3
Let x(m) = -2*m + 12. Let f = 13 + -21. Let k be x(f). Let s be (-4)/(-14) + (-292)/(-7). Calculate the greatest common factor of s and k.
14
Let x(y) be the second derivative of 11*y**3/2 + 5*y**2 - 4*y. Let w be x(7). Suppose -3*l + 14 = -w. What is the highest common divisor of 17 and l?
17
Let a(f) = -f**2 - 3*f + 3. Let i be a(-2). Let u(h) = -2*h + 41. Let q be u(i). Calculate the highest common factor of 248 and q.
31
Suppose 0 = 5*f - 127 + 7. Suppose 2 = -2*g + f. Calculate the greatest common divisor of g and 99.
11
Suppose 2*n - 3*z + 2 - 8 = 0, 0 = 2*z. Suppose -2*s = n*s + 45. Let a be ((-30)/s - 2)*42. Calculate the greatest common factor of 140 and a.
28
Let j be (0 - 0) + (-32)/(-40)*95. Calculate the highest common divisor of j and 38.
38
Suppose 10*f = -22*f + 42656. Calculate the highest common divisor of f and 31.
31
Suppose 6*l - 495 + 99 = 0. Let g = l + -2. What is the highest common divisor of g and 320?
64
Let p be 27/(-2)*(-15)/((-60)/(-8)). What is the greatest common divisor of 423 and p?
9
Suppose -w + 572 = 3*w. Let t(a) = 20*a + 11. Let n be t(3). Suppose n = 5*j + 3*b, 4*j - 9*b + 4*b = 42. What is the greatest common factor of w and j?
13
Let f(k) = -1 - 6 + 11 - 9 - k. Let h be f(-7). Suppose -4*p + 36 = -3*i, -3*i = 4*p - h*p. What is the greatest common divisor of p and 2?
2
Let m = 391 - 337. What is the highest common divisor of m and 1242?
54
Suppose -2*s - 8 = 2*t + 6, -17 = 2*s + 5*t. Let z(j) = 2*j**2 + 7*j - 10. Let i be z(s). What is the greatest common divisor of 180 and i?
20
Suppose y = 5*z - 15 + 44, -y - 5*z + 19 = 0. Let x(q) = -8 + 3*q - 4*q + 2*q + 0*q. Let b be x(11). What is the highest common factor of y and b?
3
Suppose n - 18 = 4*i, 4*i + i = 3*n - 75. Calculate the greatest common divisor of n and 210.
30
Let h = -11 - -11. Suppose h = -3*t - 224 - 55. Let y be t/(-2) - 6/(-4). What is the greatest common divisor of 12 and y?
12
Let o be (3 + (-12)/4)*1. Suppose -3*y + o*y + 36 = 0. Let l = y - -2. What is the highest common divisor of 126 and l?
14
Let u be 1/(6 - (-330)/(-84) - 2). Calculate the greatest common divisor of 1246 and u.
14
Suppose -8*r = -321 + 33. Calculate the greatest common divisor of r and 9.
9
Let i = -23 + 11. Let b = -8 - i. Suppose -5*a - 55 + 218 = 4*r, 143 = b*a - r. Calculate the greatest common factor of a and 5.
5
Let s = 3 - -17. Let d be (-4)/(-1 - (-15)/s). Calculate the highest common divisor of 16 and d.
16
Let f be (12 - (17 + -6))*(-88)/(-1). What is the greatest common divisor of f and 440?
88
Suppose 3*p + 12 - 36 = 0. Let f = p - 3. Suppose 68 = f*u - 2*v, -u + 5*v = -0*u - 32. What is the greatest common factor of u and 108?
12
Suppose -5*y + 558 = -182. Calculate the highest common factor of 4 and y.
4
Let v be 2/(-5) + 354/10. Let o be (7/(147/28))/((-2)/(-51)). Let i = v - o. What is the greatest common factor of i and 9?
1
Suppose -10 + 0 = -o. Suppose 5*x + o = -5*v, 20 = 4*v - 4*x - 4. Let c(z) = 6*z - 3. Let y be c(v). Calculate the highest common factor of 27 and y.
9
Suppose -2*y + 69 = -5. Let q be (-6)/(-4) + 9/6. Suppose s - q = y. What is the greatest common factor of 5 and s?
5
Let r be (8/12)/(4 - (-164)/(-42)). Suppose f - 283 = m, -3*m + 1391 = r*f - 2*f. Calculate the greatest common factor of 56 and f.
56
Let h = 14 - -296. Calculate the highes